n base 16, what is -a + -4b0d?
-4b17
In base 5, what is 212311314 + 2?
212311321
In base 14, what is 3 + 744b?
7450
In base 6, what is 55024252 - -5?
55024301
In base 14, what is -423d + 5c?
-41c1
In base 7, what is 362 - 421?
-26
In base 10, what is -2 - 28803?
-28805
In base 16, what is 7 + -1942?
-193b
In base 6, what is -1 + 102415?
102414
In base 7, what is -3 + -3152055?
-3152061
In base 15, what is -568 - -c4?
-494
In base 15, what is 1d7 - 88?
14e
In base 2, what is -11010101010011 - -10101?
-11010100111110
In base 8, what is -524631 - 1?
-524632
In base 5, what is 30033 + -334?
24144
In base 16, what is -1362 + -101?
-1463
In base 8, what is 1354014 + -1?
1354013
In base 10, what is 45466 + 6?
45472
In base 4, what is -3 - -201011?
201002
In base 6, what is 24 + -454244?
-454220
In base 3, what is -101002112 + 11?
-101002101
In base 14, what is -61 + -190?
-211
In base 10, what is 24 - -20636?
20660
In base 9, what is 55 + 1500?
1555
In base 4, what is 201 + 120120?
120321
In base 11, what is 7a464 + -14?
7a450
In base 15, what is -1a6bb + -a?
-1a6c6
In base 16, what is 7 + a1a?
a21
In base 11, what is -2a8 - -85?
-223
In base 12, what is -9 - 1228?
-1235
In base 13, what is -13213 - -5?
-1320b
In base 7, what is -3 - 40452?
-40455
In base 3, what is 210202 + 2?
210211
In base 16, what is 11a745 - -1?
11a746
In base 4, what is -1113 - -132330?
131211
In base 13, what is a6 + 10a7?
1180
In base 7, what is 31330 - -62?
31422
In base 12, what is 65b + -48?
613
In base 16, what is 287b + 45?
28c0
In base 7, what is 5565065 - 0?
5565065
In base 15, what is 781 + 145?
8c6
In base 16, what is 31 + -79?
-48
In base 2, what is -11010010011111 - -1?
-11010010011110
In base 9, what is -35 + -274?
-320
In base 4, what is -202 + -111301?
-112103
In base 11, what is 35113 - 5?
35109
In base 13, what is -b5 + -2184?
-2269
In base 16, what is 10da0 + -3?
10d9d
In base 10, what is -5 + -13154?
-13159
In base 12, what is -449 - 1624?
-1a71
In base 11, what is 0 - 14786?
-14786
In base 6, what is -20130 + -4?
-20134
In base 13, what is 0 + -78561?
-78561
In base 16, what is -8e8b4 + 3?
-8e8b1
In base 11, what is 45081 + 5?
45086
In base 7, what is 6 - 5051?
-5042
In base 15, what is -9874 - -17?
-985c
In base 2, what is -1100000000111000 + -1110001?
-1100000010101001
In base 14, what is -3 + -99970?
-99973
In base 16, what is -11 + 2998?
2987
In base 11, what is 11352 + 0?
11352
In base 2, what is 110 + 10001011011011001011?
10001011011011010001
In base 7, what is 41102 - -2?
41104
In base 2, what is 10010 + -1001000101?
-1000110011
In base 14, what is 0 - 57303?
-57303
In base 8, what is -6 + 233735?
233727
In base 7, what is 0 - -54353?
54353
In base 3, what is 110222120 - -10021?
111002211
In base 8, what is 201574 + -5?
201567
In base 9, what is 1400 - -17?
1417
In base 9, what is 8 - 6066?
-6057
In base 7, what is 51 + 350363?
350444
In base 13, what is 1 - 23076c?
-23076b
In base 10, what is -580 - -79?
-501
In base 10, what is -51062 + -3?
-51065
In base 12, what is 7 - -6919?
6924
In base 3, what is 2122012100 - -20?
2122012120
In base 10, what is -1 + -202089?
-202090
In base 7, what is 104 + 1261?
1365
In base 10, what is 706220 + -2?
706218
In base 12, what is -88a3a - -1?
-88a39
In base 12, what is 0 + -10948?
-10948
In base 8, what is 542627 + 5?
542634
In base 14, what is a57 + 2?
a59
In base 3, what is 2000 + 1200202?
1202202
In base 10, what is 992 - -49?
1041
In base 8, what is -22 - -137056?
137034
In base 6, what is -1535 - 1155?
-3134
In base 14, what is -156 + 1c1?
69
In base 14, what is -1d1 + -c?
-1dd
In base 14, what is 4 + -d7c24?
-d7c20
In base 12, what is -29b7 - -12?
-29a5
In base 8, what is -140520 + -30?
-140550
In base 7, what is 35 - -460?
525
In base 11, what is 86 - -26?
101
In base 11, what is 1393 + -7?
1387
In base 9, what is -2 + 176241?
176238
In base 7, what is 3353464 - 2?
3353462
In base 7, what is -11 + 43545?
43534
In base 7, what is -1 + 121333?
121332
In base 11, what is 2426 - 165?
2271
In base 15, what is -c5 + -ca?
-1a0
In base 7, what is -2402 + -36?
-2441
In base 15, what is -7068 + 26?
-7042
In base 6, what is -4 - 111200501?
-111200505
In base 2, what is 11010011 + -1?
11010010
In base 8, what is 3 - -636662?
636665
In base 13, what is bc941 - -3?
bc944
In base 13, what is -6c - 15b7?
-1656
In base 4, what is 12121311 - -3?
12121320
In base 12, what is -18 + -12?
-2a
In base 8, what is -2 - 10732?
-10734
In base 10, what is 162 - -299?
461
In base 15, what is 778 + -825?
-9c
In base 2, what is -1 - -10101000111110111?
10101000111110110
In base 16, what is 0 - -20a3d?
20a3d
In base 4, what is -22 + -133?
-221
In base 4, what is -113 + 10013221?
10013102
In base 10, what is 644 - -36?
680
In base 13, what is -1 - -21ac?
21ab
In base 5, what is 4020 - -402?
4422
In base 12, what is -154780 - -3?
-154779
In base 10, what is 334028 + 2?
334030
In base 3, what is -1 + -100012122?
-100012200
In base 7, what is -1542206 + 0?
-1542206
In base 2, what is -1111110010101110 + -10?
-1111110010110000
In base 2, what is -1010 + -1101000001010?
-1101000010100
In base 10, what is 4 + -41324?
-41320
In base 11, what is 669 + 2015?
2683
In base 9, what is 7 + 133757?
133765
In base 6, what is -222 + -25041?
-25303
In base 12, what is 11 - b3263?
-b3252
In base 10, what is 18176329 + -3?
18176326
In base 12, what is -11 - 865a?
-866b
In base 9, what is -40848 - -35?
-40813
In base 12, what is 73 + 81?
134
In base 9, what is 24607 - 37?
24560
In base 7, what is 3001404 + 1?
3001405
In base 13, what is 621 + 13?
634
In base 10, what is 1 + -21832?
-21831
In base 8, what is 11626 + 5?
11633
In base 10, what is -5 - -9206?
9201
In base 5, what is -23 + -1104343?
-1104421
In base 13, what is -81c0 + -4?
-81c4
In base 12, what is 5 + -439927?
-439922
In base 16, what is -226e + 2de?
-1f90
In base 16, what is 303d + -52?
2feb
In base 11, what is 239 - -17240?
17479
In base 2, what is -1001010001001 + -100?
-1001010001101
In base 2, what is 100100110000101 + 10010?
100100110010111
In base 6, what is 41003 - 5?
40554
In base 5, what is -3 + 34414113?
34414110
In base 9, what is 2030 + 14?
2044
In base 7, what is -3 + 66103?
66100
In base 7, what is -453310 + 0?
-453310
In base 7, what is 2156302 - 2?
2156300
In base 2, what is 100111100110010 + 1000?
100111100111010
In base 13, what is 300 - -3a93?
4093
In base 15, what is 585c + 19?
5876
In base 2, what is 10111 + -10110001101?
-10101110110
In base 4, what is -11310 + 33010?
21100
In base 8, what is 1563133 - 1?
1563132
In base 12, what is 9019 - -231?
924a
In base 4, what is 133231131 - 12?
133231113
In base 3, what is -2 - 2102002101?
-2102002110
In base 9, what is 13270 - -32?
13312
In base 10, what is -81 - -14?
-67
In base 7, what is -4 - -124254?
124250
In base 14, what is a1 + -d836?
-d775
In base 4, what is -11210023 + -21?
-11210110
In base 7, what is 5 + 153443?
153451
In base 11, what is 5 + -665563?
-665559
In base 13, what is 9 + -14bc?
-14b3
In base 8, what is 15 + -2652?
-2635
In base 10, what is -1 - 2615?
-2616
In base 9, what is -14 + -2644?
-2658
In base 6, what is 31022 - 1401?
25221
In base 12, what is -546 - 12b?
-675
In base 9, what is 125013 + -5?
125007
In base 13, what is -8 + -2b98?
-2ba3
In base 4, what is -132 + -10213?
-11011
In base 11, what is 16 - -17474?
1748a
In base 4, what is 13021 + 2223?
21310
In base 12, what is 34380 + -3?
34379
In base 16, what is c - 7798?
-778c
In base 2, what is 101 - -101111010101011101?
101111010101100010
In base 14, what is ac5 - -a?
ad1
In base 4, what is 1131120 + 12?
1131132
In base 2, what is -101111 + -100100111011100?
-100101000001011
In base 2, what is -10001 + 1111001111000?
1111001100111
In base 3, what is 2 - 1221221112000?
-1221221111221
In base 2, what is -100101 + -110101000?
-111001101
In base 16, what is 211f + 21?
2140
In base 13, what is -88 + 4895?
480a
In base 6, what is -5 - -3112142?
3112133
In base 15, what is 4 - 1682c?
-16828
In base 8, what is -3 + -204430?
-204433
In base 15, what is -3 - -13a6c?
13a69
In base 4, what is -11223332 + -1?
-11223333
In base 5, what is -321 + -131302?
-132123
In base 9, what is -1 - 17473?
-17474
In base 9, what is 3 + 4117?
4121
In base 14, what is 3 + 2